{"id":9,"date":"2025-03-06T07:52:28","date_gmt":"2025-03-06T06:52:28","guid":{"rendered":"https:\/\/www.zilinanj.cz\/?page_id=9"},"modified":"2025-03-06T08:18:19","modified_gmt":"2025-03-06T07:18:19","slug":"aktuality","status":"publish","type":"page","link":"https:\/\/www.zilinanj.cz\/index.php\/aktuality\/","title":{"rendered":"Aktuality"},"content":{"rendered":"<ul class=\"wp-block-latest-posts__list has-dates wp-block-latest-posts\"><li><a class=\"wp-block-latest-posts__post-title\" href=\"https:\/\/www.zilinanj.cz\/index.php\/2025\/08\/15\/den-obce-zilina-dreveny-pristresek-u-obchodu-hruska-23-8-2025\/\">DEN OBCE \u017dILINA, D\u0158EV\u011aN\u00dd P\u0158\u00cdST\u0158E\u0160EK U OBCHODU HRU\u0160KA, 23.8.2025<\/a><time datetime=\"2025-08-15T09:31:34+02:00\" class=\"wp-block-latest-posts__post-date\">15. 8. 2025<\/time><div class=\"wp-block-latest-posts__post-excerpt\">P\u0159ij\u010fte str\u00e1vit p\u0159\u00edjemn\u00e9 odpoledne s hudbou a tancem. Pro d\u011bti sk\u00e1kac\u00ed hrady, bumperball &#8211; pro d\u011bti i dosp\u011bl\u00e9, d\u011btsk\u00fd koutek, fotokoutek. Ob\u010derstven\u00ed zaji\u0161t\u011bno. T\u011b\u0161\u00edme se na v\u00e1s!<\/div><\/li>\n<li><a class=\"wp-block-latest-posts__post-title\" href=\"https:\/\/www.zilinanj.cz\/index.php\/2025\/05\/15\/prodej-pozemku-v-lokalite-za-skolou\/\">Prodej pozemku v lokalit\u011b Za \u0160kolou<\/a><time datetime=\"2025-05-15T08:30:50+02:00\" class=\"wp-block-latest-posts__post-date\">15. 5. 2025<\/time><div class=\"wp-block-latest-posts__post-excerpt\"><\/div><\/li>\n<li><a class=\"wp-block-latest-posts__post-title\" href=\"https:\/\/www.zilinanj.cz\/index.php\/2025\/05\/05\/odstavka-elektriny\/\">Odst\u00e1vka elekt\u0159iny<\/a><time datetime=\"2025-05-05T10:05:32+02:00\" class=\"wp-block-latest-posts__post-date\">5. 5. 2025<\/time><div class=\"wp-block-latest-posts__post-excerpt\"><\/div><\/li>\n<li><a class=\"wp-block-latest-posts__post-title\" href=\"https:\/\/www.zilinanj.cz\/index.php\/2025\/04\/30\/den-deti-31-5-2025\/\">DEN D\u011aT\u00cd, 31.5.2025<\/a><time datetime=\"2025-04-30T08:50:08+02:00\" class=\"wp-block-latest-posts__post-date\">30. 4. 2025<\/time><div class=\"wp-block-latest-posts__post-excerpt\">Srde\u010dn\u011b zveme v\u0161echny d\u011bti na b\u00e1je\u010dn\u00e9 odpoledne pln\u00e9 z\u00e1bavy! T\u011b\u0161\u00edme se na v\u00e1s&#8230;<\/div><\/li>\n<li><a class=\"wp-block-latest-posts__post-title\" href=\"https:\/\/www.zilinanj.cz\/index.php\/2025\/04\/07\/dulezite-informace\/\">D\u016fle\u017eit\u00e9 informace-slintavka a kulhavka (SLAK)<\/a><time datetime=\"2025-04-07T10:13:27+02:00\" class=\"wp-block-latest-posts__post-date\">7. 4. 2025<\/time><div class=\"wp-block-latest-posts__post-excerpt\">Aktuality<\/div><\/li>\n<\/ul>","protected":false},"excerpt":{"rendered":"","protected":false},"author":1,"featured_media":0,"parent":0,"menu_order":0,"comment_status":"closed","ping_status":"closed","template":"","meta":{"footnotes":""},"class_list":["post-9","page","type-page","status-publish","hentry"],"_links":{"self":[{"href":"https:\/\/www.zilinanj.cz\/index.php\/wp-json\/wp\/v2\/pages\/9","targetHints":{"allow":["GET"]}}],"collection":[{"href":"https:\/\/www.zilinanj.cz\/index.php\/wp-json\/wp\/v2\/pages"}],"about":[{"href":"https:\/\/www.zilinanj.cz\/index.php\/wp-json\/wp\/v2\/types\/page"}],"author":[{"embeddable":true,"href":"https:\/\/www.zilinanj.cz\/index.php\/wp-json\/wp\/v2\/users\/1"}],"replies":[{"embeddable":true,"href":"https:\/\/www.zilinanj.cz\/index.php\/wp-json\/wp\/v2\/comments?post=9"}],"version-history":[{"count":2,"href":"https:\/\/www.zilinanj.cz\/index.php\/wp-json\/wp\/v2\/pages\/9\/revisions"}],"predecessor-version":[{"id":41,"href":"https:\/\/www.zilinanj.cz\/index.php\/wp-json\/wp\/v2\/pages\/9\/revisions\/41"}],"wp:attachment":[{"href":"https:\/\/www.zilinanj.cz\/index.php\/wp-json\/wp\/v2\/media?parent=9"}],"curies":[{"name":"wp","href":"https:\/\/api.w.org\/{rel}","templated":true}]}}